{"id":149,"date":"2018-04-12T19:15:58","date_gmt":"2018-04-12T19:15:58","guid":{"rendered":"https:\/\/zoulouonroad.com\/?page_id=149"},"modified":"2018-11-21T17:57:11","modified_gmt":"2018-11-21T17:57:11","slug":"a-propos-de-nous","status":"publish","type":"page","link":"https:\/\/zoulouonroad.com\/index.php\/fr\/a-propos-de-nous\/","title":{"rendered":"A propos de nous"},"content":{"rendered":"<p>Un couple, un chien et un camping car : le trio en or pour affronter le voyage autour du monde !<\/p>\n<p><img loading=\"lazy\" class=\"alignnone size-large wp-image-109\" src=\"https:\/\/zoulouonroad.com\/wp-content\/uploads\/2018\/05\/DSC02223-1024x768.jpg\" alt=\"\" width=\"840\" height=\"630\" sizes=\"(max-width: 709px) 85vw, (max-width: 909px) 67vw, (max-width: 1362px) 62vw, 840px\" \/><\/p>\n<p>Nous sommes Alexis, de la banlieue parisienne, et Kristyna, de Prague, fiers propri\u00e9taires de Zoulou !<br \/>\nNotre histoire \u00e0 tous les trois commence \u00e0 Nantes, o\u00f9 on est venus pour le travail. A peine deux semaines dans notre nouvelle maison, on a eu un coup de c\u0153ur pour Zoulou, un petit chiot amaigri de 7 mois, qu&#8217;on a trouv\u00e9 \u00e0 la SPA de Pornic. Heureusement pour lui, il venait tout juste d&#8217;arriver au refuge. On est arriv\u00e9s au bon moment pour le sauver, c&#8217;\u00e9tait le destin !<\/p>\n<p>Depuis, on a pass\u00e9 deux ann\u00e9es tranquilles \u00e0 Nantes. Tous les deux en CDI dans des cabinets de conseil \/ informatique, rien nous manquait&#8230; Sauf que la stabilit\u00e9, c&#8217;est pas trop notre truc. Bien au contraire, \u00e0 presque 30 ans, on a eu une envie d&#8217;un mode de vie plus nomade nous permettant de d\u00e9couvrir de nouveaux horizons. C&#8217;\u00e9tait notre r\u00eave depuis quelques ann\u00e9es et on a enfin eu assez d&#8217;\u00e9conomies pour le r\u00e9aliser. Mais comment faire avec Zoulou ? Le laisser chez nos parents et partir en sac \u00e0 dos pour faire le tour du monde \u00e9tait une option&#8230;Mais cette petite boule de poils fait partie de notre famille, et l&#8217;aventure ne serait pas aussi \u00e9panouissante sans une \u00e9quipe compl\u00e8te.<\/p>\n<p>C&#8217;est \u00e0 ce moment qu&#8217;\u00e9merge l&#8217;id\u00e9e du camping car ! Pourquoi pas faire notre voyage en camping car et d\u00e9couvrir ainsi des endroits plus isol\u00e9s et des paysages \u00e0 l&#8217;abri des touristes. Fin janvier 2018, on a donc achet\u00e9 notre nouvelle maison mobile qui nous emm\u00e8nerait pendant un an \u00e0 travers le monde !<\/p>\n<p><img loading=\"lazy\" class=\"alignnone size-full wp-image-206\" src=\"https:\/\/zoulouonroad.com\/wp-content\/uploads\/2018\/05\/IMG-20180128-WA0001-Copie.jpg\" alt=\"\" width=\"510\" height=\"673\" sizes=\"(max-width: 510px) 85vw, 510px\" \/><\/p>\n<p>L&#8217;\u00e9quipe constitu\u00e9e, il ne restait que pr\u00e9parer le voyage ! 4 mois de pr\u00e9parations pour partir le 4 juin 2018 de Nantes en direction de Paris &#8211; Prague &#8211; Scandinavie &#8211; Pays Baltiques &#8211; Turquie &#8211; Iran. C&#8217;est l\u00e0 que pour le moment notre itin\u00e9raire pr\u00e9visionnel s&#8217;arr\u00eate. On tenterait bien de partir ensuite en Asie du Sud-Est mais \u00e0 ce stade l\u00e0, plusieurs aspects sont encore \u00e0 \u00e9tudier (la quarantaine, les conditions d&#8217;entr\u00e9e sur le territoire avec un camping car &#8230;).<\/p>\n<p>Pour pr\u00e9parer notre voyage, on utilise des m\u00e9thodes dites agiles, ah oui les quelques ann\u00e9es de conseil vont bien nous servir pour organiser ce trip ! On utilise tout simplement des post-its pour visualiser nos besoins, des t\u00e2ches prioritaires \u00e0 faire dans la semaine, et des t\u00e2ches d\u00e9j\u00e0 r\u00e9alis\u00e9es. Ce syst\u00e8me, tr\u00e8s visuel, nous a permis d&#8217;arriver progressivement vers notre objectif. Et c&#8217;\u00e9tait aussi tr\u00e8s encourageant, quand on voyait basculer les post-its progressivement vers &#8220;Done&#8221; \ud83d\ude42<\/p>\n<figure id=\"attachment_211\" aria-describedby=\"caption-attachment-211\" style=\"width: 300px\" class=\"wp-caption alignleft\"><a href=\"https:\/\/zoulouonroad.com\/wp-content\/uploads\/2018\/05\/20180407_122826.jpg\"><img loading=\"lazy\" class=\"size-medium wp-image-211\" src=\"https:\/\/zoulouonroad.com\/wp-content\/uploads\/2018\/05\/20180407_122826-300x225.jpg\" alt=\"\" width=\"300\" height=\"225\" sizes=\"(max-width: 300px) 85vw, 300px\" \/><\/a><figcaption id=\"caption-attachment-211\" class=\"wp-caption-text\">J-90<\/figcaption><\/figure>\n<figure id=\"attachment_212\" aria-describedby=\"caption-attachment-212\" style=\"width: 300px\" class=\"wp-caption alignright\"><a href=\"https:\/\/zoulouonroad.com\/wp-content\/uploads\/2018\/05\/IMG_20180524_162450_195.jpg\"><img loading=\"lazy\" class=\"size-medium wp-image-212\" src=\"https:\/\/zoulouonroad.com\/wp-content\/uploads\/2018\/05\/IMG_20180524_162450_195-300x276.jpg\" alt=\"\" width=\"300\" height=\"276\" sizes=\"(max-width: 300px) 85vw, 300px\" \/><\/a><figcaption id=\"caption-attachment-212\" class=\"wp-caption-text\">J-7<\/figcaption><\/figure>\n<p>&nbsp;<\/p>\n<p>&nbsp;<\/p>\n<p>&nbsp;<\/p>\n<p>&nbsp;<\/p>\n<p>&nbsp;<\/p>\n<p>&nbsp;<\/p>\n<p>&nbsp;<\/p>\n<p>Pour d\u00e9couvrir plus sur nous et nos motivations pour franchir le cap et partir, venez lire l&#8217;article sur le site de <a href=\"http:\/\/www.monsieurvintage.com\/motors\/2018\/08\/un-road-trip-vers-le-nord-en-camping-car-vintage-32857\" target=\"_blank\" rel=\"noopener\">Monsieur Vintage<\/a>.<\/p>\n","protected":false},"excerpt":{"rendered":"<p>Un couple, un chien et un camping car : le trio en or pour affronter le voyage autour du monde ! Nous sommes Alexis, de la banlieue parisienne, et Kristyna, de Prague, fiers propri\u00e9taires de Zoulou ! Notre histoire \u00e0 tous les trois commence \u00e0 Nantes, o\u00f9 on est venus pour le travail. A peine &hellip; <a href=\"https:\/\/zoulouonroad.com\/index.php\/fr\/a-propos-de-nous\/\" class=\"more-link\">Continue reading<span class=\"screen-reader-text\"> &#8220;A propos de nous&#8221;<\/span><\/a><\/p>\n","protected":false},"author":1,"featured_media":0,"parent":0,"menu_order":0,"comment_status":"closed","ping_status":"closed","template":"","meta":{"spay_email":""},"_links":{"self":[{"href":"https:\/\/zoulouonroad.com\/index.php\/wp-json\/wp\/v2\/pages\/149"}],"collection":[{"href":"https:\/\/zoulouonroad.com\/index.php\/wp-json\/wp\/v2\/pages"}],"about":[{"href":"https:\/\/zoulouonroad.com\/index.php\/wp-json\/wp\/v2\/types\/page"}],"author":[{"embeddable":true,"href":"https:\/\/zoulouonroad.com\/index.php\/wp-json\/wp\/v2\/users\/1"}],"replies":[{"embeddable":true,"href":"https:\/\/zoulouonroad.com\/index.php\/wp-json\/wp\/v2\/comments?post=149"}],"version-history":[{"count":17,"href":"https:\/\/zoulouonroad.com\/index.php\/wp-json\/wp\/v2\/pages\/149\/revisions"}],"predecessor-version":[{"id":1474,"href":"https:\/\/zoulouonroad.com\/index.php\/wp-json\/wp\/v2\/pages\/149\/revisions\/1474"}],"wp:attachment":[{"href":"https:\/\/zoulouonroad.com\/index.php\/wp-json\/wp\/v2\/media?parent=149"}],"curies":[{"name":"wp","href":"https:\/\/api.w.org\/{rel}","templated":true}]}}